{"id":6052,"date":"2022-01-17T15:07:42","date_gmt":"2022-01-17T15:07:42","guid":{"rendered":"https:\/\/www.fotografialacchiappasogni.it\/?page_id=6052"},"modified":"2026-01-12T13:31:46","modified_gmt":"2026-01-12T11:31:46","slug":"experience","status":"publish","type":"page","link":"https:\/\/www.fotografialacchiappasogni.it\/index.php\/experience\/","title":{"rendered":"EXPERIENCE"},"content":{"rendered":"\t\t<div data-elementor-type=\"wp-page\" data-elementor-id=\"6052\" class=\"elementor elementor-6052\">\n\t\t\t\t\t\t<section class=\"elementor-section elementor-top-section elementor-element elementor-element-e314db5 elementor-section-boxed elementor-section-height-default elementor-section-height-default wpr-particle-no wpr-jarallax-no wpr-parallax-no wpr-sticky-section-no eltdf-parallax-row-no eltdf-content-aligment-left eltdf-elementor-row-grid-no eltdf-disabled-bg-image-bellow-no\" data-id=\"e314db5\" data-element_type=\"section\" data-e-type=\"section\">\n\t\t\t\t\t\t<div class=\"elementor-container elementor-column-gap-default\">\n\t\t\t\t\t<div class=\"elementor-column elementor-col-100 elementor-top-column elementor-element elementor-element-6e90a09\" data-id=\"6e90a09\" data-element_type=\"column\" data-e-type=\"column\">\n\t\t\t<div class=\"elementor-widget-wrap elementor-element-populated\">\n\t\t\t\t\t\t<div class=\"elementor-element elementor-element-ea26578 elementor-widget elementor-widget-eltdf_section_title\" data-id=\"ea26578\" data-element_type=\"widget\" data-e-type=\"widget\" data-widget_type=\"eltdf_section_title.default\">\n\t\t\t\t<div class=\"elementor-widget-container\">\n\t\t\t\t\t<div class=\"eltdf-section-title-holder  \" >\n\t<div class=\"eltdf-st-inner\">\n\t\t\t\t\t\t\t<h2 class=\"eltdf-st-title\" >\n\t\t\t\tEXPERIENCE\t\t\t\t\t\t\t<\/h2>\n\t\t\t\t\t\t\t\t\t<\/div>\n<\/div>\t\t\t\t<\/div>\n\t\t\t\t<\/div>\n\t\t\t\t\t<\/div>\n\t\t<\/div>\n\t\t\t\t\t<\/div>\n\t\t<\/section>\n\t\t\t\t<section class=\"elementor-section elementor-top-section elementor-element elementor-element-95ee45c elementor-section-boxed elementor-section-height-default elementor-section-height-default wpr-particle-no wpr-jarallax-no wpr-parallax-no wpr-sticky-section-no eltdf-parallax-row-no eltdf-content-aligment-left eltdf-elementor-row-grid-no eltdf-disabled-bg-image-bellow-no\" data-id=\"95ee45c\" data-element_type=\"section\" data-e-type=\"section\">\n\t\t\t\t\t\t<div class=\"elementor-container elementor-column-gap-default\">\n\t\t\t\t\t<div class=\"elementor-column elementor-col-100 elementor-top-column elementor-element elementor-element-20fcb0c\" data-id=\"20fcb0c\" data-element_type=\"column\" data-e-type=\"column\">\n\t\t\t<div class=\"elementor-widget-wrap elementor-element-populated\">\n\t\t\t\t\t\t<div class=\"elementor-element elementor-element-299619f elementor-widget elementor-widget-image\" data-id=\"299619f\" data-element_type=\"widget\" data-e-type=\"widget\" data-widget_type=\"image.default\">\n\t\t\t\t<div class=\"elementor-widget-container\">\n\t\t\t\t\t\t\t\t\t\t\t\t\t\t\t<img fetchpriority=\"high\" decoding=\"async\" width=\"1024\" height=\"683\" src=\"https:\/\/www.fotografialacchiappasogni.it\/wp-content\/uploads\/2026\/01\/03.-EXPERIENCE-1024x683.jpg\" class=\"attachment-large size-large wp-image-97330\" alt=\"\" srcset=\"https:\/\/www.fotografialacchiappasogni.it\/wp-content\/uploads\/2026\/01\/03.-EXPERIENCE-1024x683.jpg 1024w, https:\/\/www.fotografialacchiappasogni.it\/wp-content\/uploads\/2026\/01\/03.-EXPERIENCE-300x200.jpg 300w, https:\/\/www.fotografialacchiappasogni.it\/wp-content\/uploads\/2026\/01\/03.-EXPERIENCE-768x512.jpg 768w, https:\/\/www.fotografialacchiappasogni.it\/wp-content\/uploads\/2026\/01\/03.-EXPERIENCE-600x400.jpg 600w, https:\/\/www.fotografialacchiappasogni.it\/wp-content\/uploads\/2026\/01\/03.-EXPERIENCE.jpg 1344w\" sizes=\"(max-width: 1024px) 100vw, 1024px\" \/>\t\t\t\t\t\t\t\t\t\t\t\t\t\t\t<\/div>\n\t\t\t\t<\/div>\n\t\t\t\t\t<\/div>\n\t\t<\/div>\n\t\t\t\t\t<\/div>\n\t\t<\/section>\n\t\t\t\t<section class=\"elementor-section elementor-top-section elementor-element elementor-element-ff3b2f0 elementor-section-boxed elementor-section-height-default elementor-section-height-default wpr-particle-no wpr-jarallax-no wpr-parallax-no wpr-sticky-section-no eltdf-parallax-row-no eltdf-content-aligment-left eltdf-elementor-row-grid-no eltdf-disabled-bg-image-bellow-no\" data-id=\"ff3b2f0\" data-element_type=\"section\" data-e-type=\"section\">\n\t\t\t\t\t\t<div class=\"elementor-container elementor-column-gap-default\">\n\t\t\t\t\t<div class=\"elementor-column elementor-col-100 elementor-top-column elementor-element elementor-element-9498ef4\" data-id=\"9498ef4\" data-element_type=\"column\" data-e-type=\"column\">\n\t\t\t<div class=\"elementor-widget-wrap elementor-element-populated\">\n\t\t\t\t\t\t<div class=\"elementor-element elementor-element-4355448 elementor-widget elementor-widget-text-editor\" data-id=\"4355448\" data-element_type=\"widget\" data-e-type=\"widget\" data-widget_type=\"text-editor.default\">\n\t\t\t\t<div class=\"elementor-widget-container\">\n\t\t\t\t\t\t\t\t\t<p>Vi confesso un segreto.<\/p><p>Nella mia vita da fotografa ho capito una cosa importante: la fotografia non \u00e8 che una parte.<\/p><p>S\u00ec avete letto bene, le immagini finali che vi consegner\u00f2, che siano in album, stampate o digitali, non saranno che una piccola parte, la parte indubbiamente pi\u00f9 lampante, di ci\u00f2 che faremo insieme.<\/p><p>Il resto sar\u00e0 l\u2019esperienza che vivrete, dal momento in cui parcheggerete l\u2019auto, al momento degli scatti, alle chiacchiere post caff\u00e8, alla scelta delle foto, al prodotto finito.<\/p><p>E per far s\u00ec che questa esperienza sia quanto pi\u00f9 piacevole possibile, ho messo su lo studio che desideravo per accogliervi, 130mq di spazio, suddiviso per aree, in cui i vostri bambini potranno giocare, voi potrete prendervi una pausa snack, troverete una cucina attrezzata per un\u2019eventuale emergenza pappa, uno scalda biberon, un cuscino da allattamento, e un fasciatoio con tutto ci\u00f2 che serve per il cambio.<\/p><p>Troverete traverse monouso, pannolini, salviettine, omogeneizzati, e anche se sono certa che siete dei super-genitori e vi muovete sempre gi\u00e0 super forniti di tutto, sarete di certo pi\u00f9 sereni nel sapere che se ci sar\u00e0 una necessit\u00e0, qui sapremo aiutarvi a risolverla.<\/p><p>Non stiamo con l\u2019orologio alla mano, a contare il tempo che vi \u00e8 dedicato, qui non contiamo i click della macchina fotografica, n\u00e9 i minuti previsti per far si che il vostro neonato si addormenti.<\/p><p>Qui vi accogliamo come ospiti, non clienti, e ci godiamo il momento del servizio assieme a voi, condividendo risate, lacrime, e s\u00ec, anche caso, perch\u00e9 sar\u00e0 esattamente questo che poi comporr\u00e0 il vostro ricordo, quando rivedrete le fotografie.<\/p>\t\t\t\t\t\t\t\t<\/div>\n\t\t\t\t<\/div>\n\t\t\t\t\t<\/div>\n\t\t<\/div>\n\t\t\t\t\t<\/div>\n\t\t<\/section>\n\t\t\t\t<section class=\"elementor-section elementor-top-section elementor-element elementor-element-a443b4a elementor-section-boxed elementor-section-height-default elementor-section-height-default wpr-particle-no wpr-jarallax-no wpr-parallax-no wpr-sticky-section-no eltdf-parallax-row-no eltdf-content-aligment-left eltdf-elementor-row-grid-no eltdf-disabled-bg-image-bellow-no\" data-id=\"a443b4a\" data-element_type=\"section\" data-e-type=\"section\">\n\t\t\t\t\t\t<div class=\"elementor-container elementor-column-gap-default\">\n\t\t\t\t\t<div class=\"elementor-column elementor-col-33 elementor-top-column elementor-element elementor-element-f282baf\" data-id=\"f282baf\" data-element_type=\"column\" data-e-type=\"column\">\n\t\t\t<div class=\"elementor-widget-wrap elementor-element-populated\">\n\t\t\t\t\t\t<div class=\"elementor-element elementor-element-9d3ac47 elementor-widget elementor-widget-image\" data-id=\"9d3ac47\" data-element_type=\"widget\" data-e-type=\"widget\" data-widget_type=\"image.default\">\n\t\t\t\t<div class=\"elementor-widget-container\">\n\t\t\t\t\t\t\t\t\t\t\t\t\t\t\t<img decoding=\"async\" width=\"683\" height=\"1024\" src=\"https:\/\/www.fotografialacchiappasogni.it\/wp-content\/uploads\/2022\/01\/ACC_6509-1-683x1024.jpg\" class=\"attachment-large size-large wp-image-6512\" alt=\"\" srcset=\"https:\/\/www.fotografialacchiappasogni.it\/wp-content\/uploads\/2022\/01\/ACC_6509-1-683x1024.jpg 683w, https:\/\/www.fotografialacchiappasogni.it\/wp-content\/uploads\/2022\/01\/ACC_6509-1-200x300.jpg 200w, https:\/\/www.fotografialacchiappasogni.it\/wp-content\/uploads\/2022\/01\/ACC_6509-1-768x1152.jpg 768w, https:\/\/www.fotografialacchiappasogni.it\/wp-content\/uploads\/2022\/01\/ACC_6509-1-1024x1536.jpg 1024w, https:\/\/www.fotografialacchiappasogni.it\/wp-content\/uploads\/2022\/01\/ACC_6509-1-1365x2048.jpg 1365w, https:\/\/www.fotografialacchiappasogni.it\/wp-content\/uploads\/2022\/01\/ACC_6509-1-600x900.jpg 600w, https:\/\/www.fotografialacchiappasogni.it\/wp-content\/uploads\/2022\/01\/ACC_6509-1.jpg 1500w\" sizes=\"(max-width: 683px) 100vw, 683px\" \/>\t\t\t\t\t\t\t\t\t\t\t\t\t\t\t<\/div>\n\t\t\t\t<\/div>\n\t\t\t\t\t<\/div>\n\t\t<\/div>\n\t\t\t\t<div class=\"elementor-column elementor-col-33 elementor-top-column elementor-element elementor-element-d3be6f0\" data-id=\"d3be6f0\" data-element_type=\"column\" data-e-type=\"column\">\n\t\t\t<div class=\"elementor-widget-wrap elementor-element-populated\">\n\t\t\t\t\t\t<div class=\"elementor-element elementor-element-d7648ce elementor-widget elementor-widget-image\" data-id=\"d7648ce\" data-element_type=\"widget\" data-e-type=\"widget\" data-widget_type=\"image.default\">\n\t\t\t\t<div class=\"elementor-widget-container\">\n\t\t\t\t\t\t\t\t\t\t\t\t\t\t\t<img decoding=\"async\" width=\"683\" height=\"1024\" src=\"https:\/\/www.fotografialacchiappasogni.it\/wp-content\/uploads\/2022\/01\/ACC_6549-1-683x1024.jpg\" class=\"attachment-large size-large wp-image-6515\" alt=\"\" srcset=\"https:\/\/www.fotografialacchiappasogni.it\/wp-content\/uploads\/2022\/01\/ACC_6549-1-683x1024.jpg 683w, https:\/\/www.fotografialacchiappasogni.it\/wp-content\/uploads\/2022\/01\/ACC_6549-1-200x300.jpg 200w, https:\/\/www.fotografialacchiappasogni.it\/wp-content\/uploads\/2022\/01\/ACC_6549-1-768x1152.jpg 768w, https:\/\/www.fotografialacchiappasogni.it\/wp-content\/uploads\/2022\/01\/ACC_6549-1-1024x1536.jpg 1024w, https:\/\/www.fotografialacchiappasogni.it\/wp-content\/uploads\/2022\/01\/ACC_6549-1-1365x2048.jpg 1365w, https:\/\/www.fotografialacchiappasogni.it\/wp-content\/uploads\/2022\/01\/ACC_6549-1-600x900.jpg 600w, https:\/\/www.fotografialacchiappasogni.it\/wp-content\/uploads\/2022\/01\/ACC_6549-1.jpg 1500w\" sizes=\"(max-width: 683px) 100vw, 683px\" \/>\t\t\t\t\t\t\t\t\t\t\t\t\t\t\t<\/div>\n\t\t\t\t<\/div>\n\t\t\t\t\t<\/div>\n\t\t<\/div>\n\t\t\t\t<div class=\"elementor-column elementor-col-33 elementor-top-column elementor-element elementor-element-1720c46\" data-id=\"1720c46\" data-element_type=\"column\" data-e-type=\"column\">\n\t\t\t<div class=\"elementor-widget-wrap elementor-element-populated\">\n\t\t\t\t\t\t<div class=\"elementor-element elementor-element-5cb26a0 elementor-widget elementor-widget-image\" data-id=\"5cb26a0\" data-element_type=\"widget\" data-e-type=\"widget\" data-widget_type=\"image.default\">\n\t\t\t\t<div class=\"elementor-widget-container\">\n\t\t\t\t\t\t\t\t\t\t\t\t\t\t\t<img loading=\"lazy\" decoding=\"async\" width=\"683\" height=\"1024\" src=\"https:\/\/www.fotografialacchiappasogni.it\/wp-content\/uploads\/2022\/01\/ACC_6526-683x1024.jpg\" class=\"attachment-large size-large wp-image-6513\" alt=\"\" srcset=\"https:\/\/www.fotografialacchiappasogni.it\/wp-content\/uploads\/2022\/01\/ACC_6526-683x1024.jpg 683w, https:\/\/www.fotografialacchiappasogni.it\/wp-content\/uploads\/2022\/01\/ACC_6526-200x300.jpg 200w, https:\/\/www.fotografialacchiappasogni.it\/wp-content\/uploads\/2022\/01\/ACC_6526-768x1152.jpg 768w, https:\/\/www.fotografialacchiappasogni.it\/wp-content\/uploads\/2022\/01\/ACC_6526-1024x1536.jpg 1024w, https:\/\/www.fotografialacchiappasogni.it\/wp-content\/uploads\/2022\/01\/ACC_6526-1365x2048.jpg 1365w, https:\/\/www.fotografialacchiappasogni.it\/wp-content\/uploads\/2022\/01\/ACC_6526-600x900.jpg 600w, https:\/\/www.fotografialacchiappasogni.it\/wp-content\/uploads\/2022\/01\/ACC_6526.jpg 1500w\" sizes=\"(max-width: 683px) 100vw, 683px\" \/>\t\t\t\t\t\t\t\t\t\t\t\t\t\t\t<\/div>\n\t\t\t\t<\/div>\n\t\t\t\t\t<\/div>\n\t\t<\/div>\n\t\t\t\t\t<\/div>\n\t\t<\/section>\n\t\t\t\t<section class=\"elementor-section elementor-top-section elementor-element elementor-element-06ded18 elementor-section-boxed elementor-section-height-default elementor-section-height-default wpr-particle-no wpr-jarallax-no wpr-parallax-no wpr-sticky-section-no eltdf-parallax-row-no eltdf-content-aligment-left eltdf-elementor-row-grid-no eltdf-disabled-bg-image-bellow-no\" data-id=\"06ded18\" data-element_type=\"section\" data-e-type=\"section\">\n\t\t\t\t\t\t<div class=\"elementor-container elementor-column-gap-default\">\n\t\t\t\t\t<div class=\"elementor-column elementor-col-50 elementor-top-column elementor-element elementor-element-8f909b3\" data-id=\"8f909b3\" data-element_type=\"column\" data-e-type=\"column\">\n\t\t\t<div class=\"elementor-widget-wrap elementor-element-populated\">\n\t\t\t\t\t\t<div class=\"elementor-element elementor-element-d886b99 elementor-widget elementor-widget-image\" data-id=\"d886b99\" data-element_type=\"widget\" data-e-type=\"widget\" data-widget_type=\"image.default\">\n\t\t\t\t<div class=\"elementor-widget-container\">\n\t\t\t\t\t\t\t\t\t\t\t\t\t\t\t<img loading=\"lazy\" decoding=\"async\" width=\"1024\" height=\"683\" src=\"https:\/\/www.fotografialacchiappasogni.it\/wp-content\/uploads\/2022\/01\/ACC_6534-1024x683.jpg\" class=\"attachment-large size-large wp-image-6514\" alt=\"\" srcset=\"https:\/\/www.fotografialacchiappasogni.it\/wp-content\/uploads\/2022\/01\/ACC_6534-1024x683.jpg 1024w, https:\/\/www.fotografialacchiappasogni.it\/wp-content\/uploads\/2022\/01\/ACC_6534-300x200.jpg 300w, https:\/\/www.fotografialacchiappasogni.it\/wp-content\/uploads\/2022\/01\/ACC_6534-768x512.jpg 768w, https:\/\/www.fotografialacchiappasogni.it\/wp-content\/uploads\/2022\/01\/ACC_6534-600x400.jpg 600w, https:\/\/www.fotografialacchiappasogni.it\/wp-content\/uploads\/2022\/01\/ACC_6534.jpg 1500w\" sizes=\"(max-width: 1024px) 100vw, 1024px\" \/>\t\t\t\t\t\t\t\t\t\t\t\t\t\t\t<\/div>\n\t\t\t\t<\/div>\n\t\t\t\t\t<\/div>\n\t\t<\/div>\n\t\t\t\t<div class=\"elementor-column elementor-col-50 elementor-top-column elementor-element elementor-element-f2074cf\" data-id=\"f2074cf\" data-element_type=\"column\" data-e-type=\"column\">\n\t\t\t<div class=\"elementor-widget-wrap elementor-element-populated\">\n\t\t\t\t\t\t<div class=\"elementor-element elementor-element-3e2e3f9 elementor-widget elementor-widget-image\" data-id=\"3e2e3f9\" data-element_type=\"widget\" data-e-type=\"widget\" data-widget_type=\"image.default\">\n\t\t\t\t<div class=\"elementor-widget-container\">\n\t\t\t\t\t\t\t\t\t\t\t\t\t\t\t<img loading=\"lazy\" decoding=\"async\" width=\"1024\" height=\"683\" src=\"https:\/\/www.fotografialacchiappasogni.it\/wp-content\/uploads\/2022\/01\/ACC_6503-1-1024x683.jpg\" class=\"attachment-large size-large wp-image-6511\" alt=\"\" srcset=\"https:\/\/www.fotografialacchiappasogni.it\/wp-content\/uploads\/2022\/01\/ACC_6503-1-1024x683.jpg 1024w, https:\/\/www.fotografialacchiappasogni.it\/wp-content\/uploads\/2022\/01\/ACC_6503-1-300x200.jpg 300w, https:\/\/www.fotografialacchiappasogni.it\/wp-content\/uploads\/2022\/01\/ACC_6503-1-768x512.jpg 768w, https:\/\/www.fotografialacchiappasogni.it\/wp-content\/uploads\/2022\/01\/ACC_6503-1-600x400.jpg 600w, https:\/\/www.fotografialacchiappasogni.it\/wp-content\/uploads\/2022\/01\/ACC_6503-1.jpg 1500w\" sizes=\"(max-width: 1024px) 100vw, 1024px\" \/>\t\t\t\t\t\t\t\t\t\t\t\t\t\t\t<\/div>\n\t\t\t\t<\/div>\n\t\t\t\t\t<\/div>\n\t\t<\/div>\n\t\t\t\t\t<\/div>\n\t\t<\/section>\n\t\t\t\t<\/div>\n\t\t","protected":false},"excerpt":{"rendered":"<p>EXPERIENCE Vi confesso un segreto. Nella mia vita da fotografa ho capito una cosa importante: la fotografia non \u00e8 che una parte. S\u00ec avete letto bene, le immagini finali che vi consegner\u00f2, che siano in album, stampate o digitali, non saranno che una piccola parte, la parte indubbiamente pi\u00f9 lampante, di ci\u00f2 che faremo insieme. Il resto<\/p>\n","protected":false},"author":1,"featured_media":0,"parent":0,"menu_order":0,"comment_status":"closed","ping_status":"closed","template":"","meta":{"footnotes":""},"class_list":["post-6052","page","type-page","status-publish","hentry"],"_links":{"self":[{"href":"https:\/\/www.fotografialacchiappasogni.it\/index.php\/wp-json\/wp\/v2\/pages\/6052","targetHints":{"allow":["GET"]}}],"collection":[{"href":"https:\/\/www.fotografialacchiappasogni.it\/index.php\/wp-json\/wp\/v2\/pages"}],"about":[{"href":"https:\/\/www.fotografialacchiappasogni.it\/index.php\/wp-json\/wp\/v2\/types\/page"}],"author":[{"embeddable":true,"href":"https:\/\/www.fotografialacchiappasogni.it\/index.php\/wp-json\/wp\/v2\/users\/1"}],"replies":[{"embeddable":true,"href":"https:\/\/www.fotografialacchiappasogni.it\/index.php\/wp-json\/wp\/v2\/comments?post=6052"}],"version-history":[{"count":15,"href":"https:\/\/www.fotografialacchiappasogni.it\/index.php\/wp-json\/wp\/v2\/pages\/6052\/revisions"}],"predecessor-version":[{"id":97333,"href":"https:\/\/www.fotografialacchiappasogni.it\/index.php\/wp-json\/wp\/v2\/pages\/6052\/revisions\/97333"}],"wp:attachment":[{"href":"https:\/\/www.fotografialacchiappasogni.it\/index.php\/wp-json\/wp\/v2\/media?parent=6052"}],"curies":[{"name":"wp","href":"https:\/\/api.w.org\/{rel}","templated":true}]}}